
-1204
In base 11, what is 23 - -32044?
32067
In base 14, what is -1743 + 27?
-171a
In base 11, what is 23673 - 20?
23653
In base 3, what is 2010120020 + 0?
2010120020
In base 2, what is -1100 - -10100101100?
10100100000
In base 4, what is 102010 - -122222?
230232
In base 6, what is -13143 + 1502?
-11241
In base 12, what is -203 + 45?
-17a
In base 2, what is -10 - -11000101001?
11000100111
In base 7, what is -143331 - -5?
-143323
In base 6, what is 124 - 31410?
-31242
In base 2, what is 1000011001110011000 - 0?
1000011001110011000
In base 6, what is -33025 - -22?
-33003
In base 15, what is -2c15 + -1?
-2c16
In base 2, what is -100110110001100010 - 101?
-100110110001100111
In base 9, what is 122624 + 6?
122631
In base 6, what is 21 - -33?
54
In base 16, what is 51a + -7b?
49f
In base 15, what is -1023 - 2?
-1025
In base 4, what is -323 + -10201111?
-10202100
In base 16, what is ff + -12cf?
-11d0
In base 9, what is -227756 - 1?
-227757
In base 6, what is 2315 - -20253?
23012
In base 10, what is 5 - -870260?
870265
In base 16, what is -1b51 + 23?
-1b2e
In base 7, what is -215545 + -4?
-215552
In base 16, what is 265 + 103?
368
In base 9, what is -14080 - -64?
-14015
In base 11, what is 12 + 3962?
3974
In base 4, what is -10 + 3312202033?
3312202023
In base 11, what is 378 - -294?
661
In base 5, what is -221 - 1414?
-2140
In base 13, what is -4a718 - 2?
-4a71a
In base 15, what is 0 - 9e33?
-9e33
In base 16, what is 41 + -2318?
-22d7
In base 7, what is -2 + -3302043?
-3302045
In base 6, what is 0 - 31022155?
-31022155
In base 6, what is 431155 + -11?
431144
In base 6, what is 1223444 + -104?
1223340
In base 5, what is -1403144 + 4?
-1403140
In base 14, what is 33bb + b?
33c8
In base 5, what is -12340 - 213?
-13103
In base 16, what is 3 + 13f38?
13f3b
In base 5, what is -43 + -13424014?
-13424112
In base 16, what is -7a41 + 5?
-7a3c
In base 3, what is -11200 + 1111220?
1100020
In base 10, what is -162 + 96?
-66
In base 2, what is -100100001000 - -101?
-100100000011
In base 10, what is 6170 - 7?
6163
In base 11, what is -48a2 + 6?
-4897
In base 7, what is -5 - 22253?
-22261
In base 14, what is 5 + -1440b4?
-1440ad
In base 8, what is 2574642 - -4?
2574646
In base 13, what is aa - 9a0?
-8c3
In base 2, what is 101101001010110 + 10111?
101101001101101
In base 12, what is -1 - -83228?
83227
In base 5, what is 1402 - 2314?
-412
In base 14, what is -207 + 65?
-182
In base 15, what is 24 - -468?
48c
In base 6, what is -25201410 - 0?
-25201410
In base 9, what is -8 - 17051?
-17060
In base 4, what is 2010031 - -1?
2010032
In base 2, what is -101011010010001011 - 1011?
-101011010010010110
In base 15, what is -100b7 - e?
-100c6
In base 11, what is 0 - 153319?
-153319
In base 15, what is -4 + 5dc7?
5dc3
In base 4, what is -21320112 - 0?
-21320112
In base 16, what is 4 - 1c88?
-1c84
In base 9, what is -581 + -286?
-877
In base 10, what is -1517 + 33?
-1484
In base 10, what is 5 + 2734?
2739
In base 6, what is -35 + 5042?
5003
In base 13, what is 17 + -1938?
-1921
In base 5, what is 40410413 + -1?
40410412
In base 7, what is 135 + -1055?
-620
In base 2, what is 11 - 11110101010011?
-11110101010000
In base 7, what is -4006525 + 2?
-4006523
In base 10, what is -5 - 9949?
-9954
In base 14, what is -5 + -b8c13?
-b8c18
In base 11, what is -1 - 5573a?
-55740
In base 13, what is 33 - 77?
-44
In base 16, what is -41 - -302?
2c1
In base 9, what is -2 - 2578?
-2581
In base 7, what is 232 - -56053?
56315
In base 7, what is 100 - -6206?
6306
In base 14, what is 49c6 + -c?
49b8
In base 10, what is -18 + -17968?
-17986
In base 5, what is -20 - 1333040?
-1333110
In base 6, what is -2 + 13323400?
13323354
In base 3, what is -2 + 212000210?
212000201
In base 16, what is -7064 + 6?
-705e
In base 4, what is 112 - 10313211?
-10313033
In base 13, what is -644 - -b26?
4b2
In base 12, what is -50 + -25301?
-25351
In base 6, what is 124 + 2343?
2511
In base 4, what is -1 - 301200110?
-301200111
In base 7, what is 233 - -15262?
15525
In base 3, what is 2210211 + -21?
2210120
In base 9, what is -348 - -1628?
1270
In base 12, what is 8 - 9a?
-92
In base 14, what is -b893c - -9?
-b8933
In base 6, what is 2233342 + -10?
2233332
In base 9, what is -2 + 152275?
152273
In base 16, what is 106 - -178?
27e
In base 2, what is 1110 - -111011101000010100?
111011101000100010
In base 4, what is 103021203 - 2?
103021201
In base 3, what is 1 - 121102222021?
-121102222020
In base 7, what is 35 - 153552?
-153514
In base 3, what is -10222 + -1011220100?
-1012001022
In base 11, what is 46397 - -1?
46398
In base 15, what is 107 - aa3?
-99b
In base 7, what is 1236620 + -1?
1236616
In base 16, what is 0 + ec24?
ec24
In base 2, what is 11110011000111010 + -10?
11110011000111000
In base 15, what is -b5e + 71b?
-443
In base 4, what is 1201 - -1003313?
1011120
In base 2, what is -11100000100100010 + 101?
-11100000100011101
In base 12, what is -2 + b50a9?
b50a7
In base 13, what is -2 - 4b8?
-4ba
In base 6, what is -235122144 + -3?
-235122151
In base 16, what is -d24 - -58?
-ccc
In base 2, what is -1010100100000111101 + 0?
-1010100100000111101
In base 6, what is 41404 - -123?
41531
In base 13, what is 119 + -1bc?
-a3
In base 9, what is 4 + -8245?
-8241
In base 16, what is -5 - -47da?
47d5
In base 14, what is -5 + -46794?
-46799
In base 4, what is 313 + -1220311?
-1213332
In base 2, what is 111101001001 + -101?
111101000100
In base 2, what is -110 - 1000001110?
-1000010100
In base 13, what is 126 - -848?
971
In base 8, what is 1422 - -434?
2056
In base 3, what is -111000011 + -21?
-111000102
In base 2, what is -1000 - -110101110000100?
110101101111100
In base 12, what is -5246 - -45?
-5201
In base 12, what is 219 - 516?
-2b9
In base 7, what is 4 - -3226154?
3226161
In base 7, what is 4 + 5403256?
5403263
In base 15, what is -16 + -96b?
-982
In base 2, what is -1001001010101101 + 10001?
-1001001010011100
In base 4, what is 1220 + -10003?
-2123
In base 16, what is 0 - -29a1?
29a1
In base 13, what is 3 + -64733?
-64730
In base 14, what is -2 - -d48ba?
d48b8
In base 2, what is -1101010100010011 + -101?
-1101010100011000
In base 9, what is -37751 - -1?
-37750
In base 5, what is -2 + -244202?
-244204
In base 15, what is -3 - -e40e?
e40b
In base 2, what is -1110 + 1100000101111?
1100000100001
In base 5, what is 33 + 12030223?
12030311
In base 7, what is -1404314 + 1?
-1404313
In base 14, what is -3c + -77c1?
-781d
In base 8, what is 5 - -261374?
261401
In base 4, what is 130001232013 + -1?
130001232012
In base 3, what is 10 - 200111001221?
-200111001211
In base 9, what is -1778 - -6660?
4771
In base 6, what is 14555250 + 12?
14555302
In base 16, what is -e - -36e5f?
36e51
In base 7, what is 6360 + 452?
10142
In base 4, what is -113 - 203032?
-203211
In base 7, what is -566533 - -1?
-566532
In base 13, what is -5a - -557?
4ca
In base 7, what is 11 + -20535?
-20524
In base 8, what is 22167 - 224?
21743
In base 10, what is -549 + -1056?
-1605
In base 7, what is 3 - -12050151?
12050154
In base 3, what is 11 - -11102210000?
11102210011
In base 2, what is 10 - -11000110010000?
11000110010010
In base 11, what is -11 - 262479?
-26248a
In base 15, what is b1ce - 11?
b1bd
In base 5, what is -30022 + 2200?
-22322
In base 12, what is 44 + 12789?
12811
In base 15, what is -16a02 - -4?
-169ed
In base 15, what is c4d + 5eb?
1349
In base 9, what is 7658 - 8?
7650
In base 16, what is 5 - b54?
-b4f
In base 6, what is 11 - -442?
453
In base 4, what is -123 - 11303132?
-11303321
In base 4, what is -11031001233 + -1?
-11031001300
In base 8, what is 20 + 2164?
2204
In base 16, what is -2131 - 8?
-2139
In base 12, what is -2 + -5844?
-5846
In base 8, what is 227 - -2057?
2306
In base 9, what is 3 + -84328?
-84325
In base 13, what is 788997 - -2?
788999
In base 15, what is 2 - 30040?
-3003d
In base 15, what is 24 - -8c?
b1
In base 7, what is -113455 + -6?
-113464
In base 5, what is 43224020 - -3?
43224023
In base 12, what is 25 + 128a4?
12909
In base 13, what is 4 + -18220?
-18219
In base 6, what is 13225543 - -4?
13225551
In base 3, what is -2 - 112220010?
-112220012
In base 13, what is -3 + -21556?
-21559
In base 15, what is 12 + 1a13?
1a25
In base 7, what is 4 - 412241?
-412234
In base 15, what is -6a2 + a?
-697
In base 13, what is 269 - -3?